Last updated on 2022-04-24 03:52:28 CEST.
Flavor | Version | Tinstall | Tcheck | Ttotal | Status | Flags |
---|---|---|---|---|---|---|
r-devel-linux-x86_64-debian-clang | 0.2.5 | 39.20 | 50.66 | 89.86 | OK | |
r-devel-linux-x86_64-debian-gcc | 0.2.5 | 34.25 | 39.17 | 73.42 | OK | |
r-devel-linux-x86_64-fedora-clang | 0.2.5 | 127.26 | NOTE | |||
r-devel-linux-x86_64-fedora-gcc | 0.2.5 | 114.42 | OK | |||
r-patched-linux-x86_64 | 0.2.5 | 40.39 | 48.44 | 88.83 | OK | |
r-release-linux-x86_64 | 0.2.5 | 37.90 | 46.03 | 83.93 | OK | |
r-release-macos-arm64 | 0.2.5 | NOTE | ||||
r-release-macos-x86_64 | 0.2.5 | NOTE | ||||
r-release-windows-x86_64 | 0.2.5 | 62.00 | 109.00 | 171.00 | OK | |
r-oldrel-macos-arm64 | 0.2.5 | NOTE | ||||
r-oldrel-macos-x86_64 | 0.2.5 | NOTE | ||||
r-oldrel-windows-ix86+x86_64 | 0.2.5 | 93.00 | 91.00 | 184.00 | OK |
Version: 0.2.5
Check: installed package size
Result: NOTE
installed size is 6.3Mb
sub-directories of 1Mb or more:
libs 4.4Mb
Flavors: r-devel-linux-x86_64-fedora-clang, r-release-macos-arm64, r-release-macos-x86_64, r-oldrel-macos-arm64, r-oldrel-macos-x86_64