Last updated on 2022-04-24 03:52:28 CEST.
Flavor | Version | Tinstall | Tcheck | Ttotal | Status | Flags |
---|---|---|---|---|---|---|
r-devel-linux-x86_64-debian-clang | 2.0-7 | 10.79 | 78.48 | 89.27 | OK | |
r-devel-linux-x86_64-debian-gcc | 2.0-7 | 9.82 | 58.71 | 68.53 | WARN | |
r-devel-linux-x86_64-fedora-clang | 2.0-7 | 108.41 | OK | |||
r-devel-linux-x86_64-fedora-gcc | 2.0-7 | 112.49 | WARN | |||
r-patched-linux-x86_64 | 2.0-7 | 15.68 | 73.73 | 89.41 | OK | |
r-release-linux-x86_64 | 2.0-7 | 10.55 | 72.67 | 83.22 | OK | |
r-release-macos-arm64 | 2.0-7 | OK | ||||
r-release-macos-x86_64 | 2.0-7 | OK | ||||
r-release-windows-x86_64 | 2.0-7 | 28.00 | 114.00 | 142.00 | OK | |
r-oldrel-macos-arm64 | 2.0-7 | OK | ||||
r-oldrel-macos-x86_64 | 2.0-7 | OK | ||||
r-oldrel-windows-ix86+x86_64 | 2.0-7 | 24.00 | 105.00 | 129.00 | OK |
Version: 2.0-7
Check: package dependencies
Result: WARN
Requires orphaned package: ‘circular’
Flavors: r-devel-linux-x86_64-debian-gcc, r-devel-linux-x86_64-fedora-gcc