Last updated on 2022-04-24 03:52:28 CEST.
Flavor | Version | Tinstall | Tcheck | Ttotal | Status | Flags |
---|---|---|---|---|---|---|
r-devel-linux-x86_64-debian-clang | 1.1.3 | 344.43 | 300.58 | 645.01 | NOTE | |
r-devel-linux-x86_64-debian-gcc | 1.1.3 | 174.92 | 226.23 | 401.15 | NOTE | |
r-devel-linux-x86_64-fedora-clang | 1.1.3 | 770.45 | NOTE | |||
r-devel-linux-x86_64-fedora-gcc | 1.1.3 | 643.08 | NOTE | |||
r-patched-linux-x86_64 | 1.1.3 | 187.82 | 288.83 | 476.65 | NOTE | |
r-release-linux-x86_64 | 1.1.3 | 134.19 | 291.74 | 425.93 | NOTE | |
r-release-macos-arm64 | 1.1.3 | NOTE | ||||
r-release-macos-x86_64 | 1.1.3 | NOTE | ||||
r-release-windows-x86_64 | 1.1.3 | 312.00 | 365.00 | 677.00 | NOTE | |
r-oldrel-macos-arm64 | 1.1.3 | NOTE | ||||
r-oldrel-macos-x86_64 | 1.1.3 | NOTE | ||||
r-oldrel-windows-ix86+x86_64 | 1.1.3 | 427.00 | 504.00 | 931.00 | NOTE |
Version: 1.1.3
Check: for GNU extensions in Makefiles
Result: NOTE
GNU make is a SystemRequirements.
Flavors: r-devel-linux-x86_64-debian-clang, r-devel-linux-x86_64-debian-gcc, r-devel-linux-x86_64-fedora-clang, r-devel-linux-x86_64-fedora-gcc, r-patched-linux-x86_64, r-release-linux-x86_64, r-release-macos-arm64, r-release-macos-x86_64, r-release-windows-x86_64, r-oldrel-macos-arm64, r-oldrel-macos-x86_64, r-oldrel-windows-ix86+x86_64
Version: 1.1.3
Check: installed package size
Result: NOTE
installed size is 44.9Mb
sub-directories of 1Mb or more:
doc 2.9Mb
libs 40.0Mb
Flavors: r-devel-linux-x86_64-fedora-clang, r-release-macos-arm64, r-release-macos-x86_64, r-release-windows-x86_64, r-oldrel-macos-arm64, r-oldrel-macos-x86_64, r-oldrel-windows-ix86+x86_64