Last updated on 2022-04-24 03:52:28 CEST.
Flavor | Version | Tinstall | Tcheck | Ttotal | Status | Flags |
---|---|---|---|---|---|---|
r-devel-linux-x86_64-debian-clang | 0.5.15 | 174.54 | 68.59 | 243.13 | OK | |
r-devel-linux-x86_64-debian-gcc | 0.5.15 | 141.49 | 48.14 | 189.63 | OK | |
r-devel-linux-x86_64-fedora-clang | 0.5.15 | 345.00 | NOTE | |||
r-devel-linux-x86_64-fedora-gcc | 0.5.15 | 308.82 | OK | |||
r-patched-linux-x86_64 | 0.5.15 | 143.67 | 65.45 | 209.12 | OK | |
r-release-linux-x86_64 | 0.5.15 | 148.50 | 64.28 | 212.78 | OK | |
r-release-macos-arm64 | 0.5.15 | NOTE | ||||
r-release-macos-x86_64 | 0.5.15 | NOTE | ||||
r-release-windows-x86_64 | 0.5.15 | 111.00 | 113.00 | 224.00 | OK | |
r-oldrel-macos-arm64 | 0.5.15 | NOTE | ||||
r-oldrel-macos-x86_64 | 0.5.15 | NOTE | ||||
r-oldrel-windows-ix86+x86_64 | 0.5.15 | 296.00 | 100.00 | 396.00 | NOTE |
Version: 0.5.15
Check: installed package size
Result: NOTE
installed size is 13.6Mb
sub-directories of 1Mb or more:
doc 1.8Mb
libs 11.5Mb
Flavors: r-devel-linux-x86_64-fedora-clang, r-release-macos-arm64, r-release-macos-x86_64, r-oldrel-macos-arm64, r-oldrel-macos-x86_64, r-oldrel-windows-ix86+x86_64