Last updated on 2022-04-24 03:52:28 CEST.
Flavor | Version | Tinstall | Tcheck | Ttotal | Status | Flags |
---|---|---|---|---|---|---|
r-devel-linux-x86_64-debian-clang | 1.3 | 59.20 | 40.87 | 100.07 | WARN | |
r-devel-linux-x86_64-debian-gcc | 1.3 | 46.66 | 31.22 | 77.88 | OK | |
r-devel-linux-x86_64-fedora-clang | 1.3 | 133.50 | WARN | |||
r-devel-linux-x86_64-fedora-gcc | 1.3 | 115.38 | OK | |||
r-patched-linux-x86_64 | 1.3 | 47.74 | 39.28 | 87.02 | OK | |
r-release-linux-x86_64 | 1.3 | 45.38 | 37.56 | 82.94 | OK | |
r-release-macos-arm64 | 1.3 | OK | ||||
r-release-macos-x86_64 | 1.3 | OK | ||||
r-release-windows-x86_64 | 1.3 | 65.00 | 82.00 | 147.00 | OK | |
r-oldrel-macos-arm64 | 1.3 | OK | ||||
r-oldrel-macos-x86_64 | 1.3 | OK | ||||
r-oldrel-windows-ix86+x86_64 | 1.3 | 139.00 | 72.00 | 211.00 | OK |
Version: 1.3
Check: whether package can be installed
Result: WARN
Found the following significant warnings:
Genetics.cpp:363:20: warning: use of bitwise '&' with boolean operands [-Wbitwise-instead-of-logical]
Genetics.cpp:376:20: warning: use of bitwise '&' with boolean operands [-Wbitwise-instead-of-logical]
Genetics.cpp:376:51: warning: use of bitwise '&' with boolean operands [-Wbitwise-instead-of-logical]
Flavors: r-devel-linux-x86_64-debian-clang, r-devel-linux-x86_64-fedora-clang