Last updated on 2022-04-24 03:52:28 CEST.
Flavor | Version | Tinstall | Tcheck | Ttotal | Status | Flags |
---|---|---|---|---|---|---|
r-devel-linux-x86_64-debian-clang | 1.9 | 6.90 | 69.06 | 75.96 | NOTE | |
r-devel-linux-x86_64-debian-gcc | 1.9 | 4.85 | 52.51 | 57.36 | NOTE | |
r-devel-linux-x86_64-fedora-clang | 1.9 | 89.38 | NOTE | |||
r-devel-linux-x86_64-fedora-gcc | 1.9 | 74.88 | NOTE | |||
r-patched-linux-x86_64 | 1.9 | 4.98 | 65.44 | 70.42 | NOTE | |
r-release-linux-x86_64 | 1.9 | 6.27 | 60.24 | 66.51 | NOTE | |
r-release-macos-arm64 | 1.9 | OK | ||||
r-release-macos-x86_64 | 1.9 | OK | ||||
r-release-windows-x86_64 | 1.9 | 11.00 | 96.00 | 107.00 | OK | |
r-oldrel-macos-arm64 | 1.9 | OK | ||||
r-oldrel-macos-x86_64 | 1.9 | OK | ||||
r-oldrel-windows-ix86+x86_64 | 1.9 | 16.00 | 74.00 | 90.00 | OK |
Version: 1.9
Check: for non-standard things in the check directory
Result: NOTE
Found the following files/directories:
'RMTplot.pdf'
Flavors: r-devel-linux-x86_64-debian-clang, r-devel-linux-x86_64-debian-gcc, r-devel-linux-x86_64-fedora-clang, r-devel-linux-x86_64-fedora-gcc, r-patched-linux-x86_64, r-release-linux-x86_64