Last updated on 2022-04-24 03:52:28 CEST.
Flavor | Version | Tinstall | Tcheck | Ttotal | Status | Flags |
---|---|---|---|---|---|---|
r-devel-linux-x86_64-debian-clang | 1.6.0 | 8.45 | 92.47 | 100.92 | NOTE | |
r-devel-linux-x86_64-debian-gcc | 1.6.0 | 6.93 | 68.13 | 75.06 | NOTE | |
r-devel-linux-x86_64-fedora-clang | 1.6.0 | 116.83 | NOTE | |||
r-devel-linux-x86_64-fedora-gcc | 1.6.0 | 102.26 | NOTE | |||
r-patched-linux-x86_64 | 1.6.0 | 8.01 | 86.19 | 94.20 | NOTE | |
r-release-linux-x86_64 | 1.6.0 | 7.00 | 79.83 | 86.83 | NOTE | |
r-release-macos-arm64 | 1.6.0 | NOTE | ||||
r-release-macos-x86_64 | 1.6.0 | NOTE | ||||
r-release-windows-x86_64 | 1.6.0 | 16.00 | 105.00 | 121.00 | NOTE | |
r-oldrel-macos-arm64 | 1.6.0 | NOTE | ||||
r-oldrel-macos-x86_64 | 1.6.0 | NOTE | ||||
r-oldrel-windows-ix86+x86_64 | 1.6.0 | 19.00 | 96.00 | 115.00 | NOTE |
Version: 1.6.0
Check: LazyData
Result: NOTE
'LazyData' is specified without a 'data' directory
Flavors: r-devel-linux-x86_64-debian-clang, r-devel-linux-x86_64-debian-gcc, r-devel-linux-x86_64-fedora-clang, r-devel-linux-x86_64-fedora-gcc, r-patched-linux-x86_64, r-release-linux-x86_64, r-release-macos-arm64, r-release-macos-x86_64, r-release-windows-x86_64, r-oldrel-macos-arm64, r-oldrel-macos-x86_64, r-oldrel-windows-ix86+x86_64