Last updated on 2022-04-24 03:52:28 CEST.
Flavor | Version | Tinstall | Tcheck | Ttotal | Status | Flags |
---|---|---|---|---|---|---|
r-devel-linux-x86_64-debian-clang | 1.1.0 | 5.99 | 67.16 | 73.15 | NOTE | |
r-devel-linux-x86_64-debian-gcc | 1.1.0 | 5.09 | 49.30 | 54.39 | NOTE | |
r-devel-linux-x86_64-fedora-clang | 1.1.0 | 94.53 | NOTE | |||
r-devel-linux-x86_64-fedora-gcc | 1.1.0 | 73.39 | NOTE | |||
r-patched-linux-x86_64 | 1.1.0 | 5.72 | 62.83 | 68.55 | NOTE | |
r-release-linux-x86_64 | 1.1.0 | 5.17 | 59.21 | 64.38 | NOTE | |
r-release-macos-arm64 | 1.1.0 | NOTE | ||||
r-release-macos-x86_64 | 1.1.0 | NOTE | ||||
r-release-windows-x86_64 | 1.1.0 | 14.00 | 81.00 | 95.00 | NOTE | |
r-oldrel-macos-arm64 | 1.1.0 | NOTE | ||||
r-oldrel-macos-x86_64 | 1.1.0 | NOTE | ||||
r-oldrel-windows-ix86+x86_64 | 1.1.0 | 15.00 | 72.00 | 87.00 | NOTE |
Version: 1.1.0
Check: LazyData
Result: NOTE
'LazyData' is specified without a 'data' directory
Flavors: r-devel-linux-x86_64-debian-clang, r-devel-linux-x86_64-debian-gcc, r-devel-linux-x86_64-fedora-clang, r-devel-linux-x86_64-fedora-gcc, r-patched-linux-x86_64, r-release-linux-x86_64, r-release-macos-arm64, r-release-macos-x86_64, r-release-windows-x86_64, r-oldrel-macos-arm64, r-oldrel-macos-x86_64, r-oldrel-windows-ix86+x86_64
Version: 1.1.0
Check: Rd cross-references
Result: NOTE
Undeclared package ‘AER’ in Rd xrefs
Flavor: r-devel-linux-x86_64-fedora-clang