Last updated on 2022-04-24 03:52:28 CEST.
Flavor | Version | Tinstall | Tcheck | Ttotal | Status | Flags |
---|---|---|---|---|---|---|
r-devel-linux-x86_64-debian-clang | 0.1.0 | 1.72 | 35.52 | 37.24 | NOTE | |
r-devel-linux-x86_64-debian-gcc | 0.1.0 | 1.81 | 27.61 | 29.42 | NOTE | |
r-devel-linux-x86_64-fedora-clang | 0.1.0 | 46.46 | NOTE | |||
r-devel-linux-x86_64-fedora-gcc | 0.1.0 | 33.69 | NOTE | |||
r-patched-linux-x86_64 | 0.1.0 | 2.24 | 34.09 | 36.33 | NOTE | |
r-release-linux-x86_64 | 0.1.0 | 2.15 | 33.90 | 36.05 | NOTE | |
r-release-macos-arm64 | 0.1.0 | NOTE | ||||
r-release-macos-x86_64 | 0.1.0 | NOTE | ||||
r-release-windows-x86_64 | 0.1.0 | 15.00 | 51.00 | 66.00 | NOTE | |
r-oldrel-macos-arm64 | 0.1.0 | NOTE | ||||
r-oldrel-macos-x86_64 | 0.1.0 | NOTE | ||||
r-oldrel-windows-ix86+x86_64 | 0.1.0 | 6.00 | 40.00 | 46.00 | NOTE |
Version: 0.1.0
Check: package dependencies
Result: NOTE
Package suggested but not available for checking: 'gurobi'
Flavors: r-devel-linux-x86_64-debian-clang, r-devel-linux-x86_64-debian-gcc, r-devel-linux-x86_64-fedora-clang, r-devel-linux-x86_64-fedora-gcc, r-patched-linux-x86_64, r-release-linux-x86_64, r-release-macos-arm64, r-release-macos-x86_64, r-release-windows-x86_64, r-oldrel-macos-arm64, r-oldrel-macos-x86_64, r-oldrel-windows-ix86+x86_64