Last updated on 2022-04-24 03:52:28 CEST.
Flavor | Version | Tinstall | Tcheck | Ttotal | Status | Flags |
---|---|---|---|---|---|---|
r-devel-linux-x86_64-debian-clang | 1.0.1 | 37.61 | 130.45 | 168.06 | OK | |
r-devel-linux-x86_64-debian-gcc | 1.0.1 | 30.91 | 96.28 | 127.19 | OK | |
r-devel-linux-x86_64-fedora-clang | 1.0.1 | 228.10 | NOTE | |||
r-devel-linux-x86_64-fedora-gcc | 1.0.1 | 189.58 | NOTE | |||
r-patched-linux-x86_64 | 1.0.1 | 34.62 | 123.40 | 158.02 | OK | |
r-release-linux-x86_64 | 1.0.1 | 34.66 | 112.69 | 147.35 | OK | |
r-release-macos-arm64 | 1.0.1 | NOTE | ||||
r-release-macos-x86_64 | 1.0.1 | NOTE | ||||
r-release-windows-x86_64 | 1.0.1 | 62.00 | 167.00 | 229.00 | OK | |
r-oldrel-macos-arm64 | 1.0.1 | NOTE | ||||
r-oldrel-macos-x86_64 | 1.0.1 | NOTE | ||||
r-oldrel-windows-ix86+x86_64 | 1.0.1 | 93.00 | 193.00 | 286.00 | OK |
Version: 1.0.1
Check: data for non-ASCII characters
Result: NOTE
Note: found 58 marked UTF-8 strings
Flavors: r-devel-linux-x86_64-fedora-clang, r-devel-linux-x86_64-fedora-gcc, r-release-macos-arm64, r-release-macos-x86_64, r-oldrel-macos-arm64, r-oldrel-macos-x86_64