Last updated on 2022-04-24 03:52:28 CEST.
Flavor | Version | Tinstall | Tcheck | Ttotal | Status | Flags |
---|---|---|---|---|---|---|
r-devel-linux-x86_64-debian-clang | 0.1.0 | 2.54 | 49.90 | 52.44 | NOTE | |
r-devel-linux-x86_64-debian-gcc | 0.1.0 | 2.47 | 38.77 | 41.24 | NOTE | |
r-devel-linux-x86_64-fedora-clang | 0.1.0 | 65.00 | NOTE | |||
r-devel-linux-x86_64-fedora-gcc | 0.1.0 | 50.83 | NOTE | |||
r-patched-linux-x86_64 | 0.1.0 | 2.78 | 47.46 | 50.24 | NOTE | |
r-release-linux-x86_64 | 0.1.0 | 1.82 | 47.06 | 48.88 | NOTE | |
r-release-macos-arm64 | 0.1.0 | NOTE | ||||
r-release-macos-x86_64 | 0.1.0 | NOTE | ||||
r-release-windows-x86_64 | 0.1.0 | 7.00 | 63.00 | 70.00 | NOTE | |
r-oldrel-macos-arm64 | 0.1.0 | NOTE | ||||
r-oldrel-macos-x86_64 | 0.1.0 | NOTE | ||||
r-oldrel-windows-ix86+x86_64 | 0.1.0 | 7.00 | 54.00 | 61.00 | NOTE |
Version: 0.1.0
Check: package dependencies
Result: NOTE
Package suggested but not available for checking: 'locClass'
Flavors: r-devel-linux-x86_64-debian-clang, r-devel-linux-x86_64-debian-gcc, r-devel-linux-x86_64-fedora-clang, r-devel-linux-x86_64-fedora-gcc, r-patched-linux-x86_64, r-release-linux-x86_64, r-release-macos-arm64, r-release-macos-x86_64, r-release-windows-x86_64, r-oldrel-macos-arm64, r-oldrel-macos-x86_64, r-oldrel-windows-ix86+x86_64