Last updated on 2022-04-24 03:52:28 CEST.
Flavor | Version | Tinstall | Tcheck | Ttotal | Status | Flags |
---|---|---|---|---|---|---|
r-devel-linux-x86_64-debian-clang | 1.0 | 2.32 | 33.07 | 35.39 | NOTE | |
r-devel-linux-x86_64-debian-gcc | 1.0 | 1.44 | 25.56 | 27.00 | NOTE | |
r-devel-linux-x86_64-fedora-clang | 1.0 | 42.65 | NOTE | |||
r-devel-linux-x86_64-fedora-gcc | 1.0 | 30.45 | NOTE | |||
r-patched-linux-x86_64 | 1.0 | 2.27 | 31.09 | 33.36 | NOTE | |
r-release-linux-x86_64 | 1.0 | 2.15 | 31.02 | 33.17 | NOTE | |
r-release-macos-arm64 | 1.0 | NOTE | ||||
r-release-macos-x86_64 | 1.0 | NOTE | ||||
r-release-windows-x86_64 | 1.0 | 14.00 | 52.00 | 66.00 | NOTE | |
r-oldrel-macos-arm64 | 1.0 | NOTE | ||||
r-oldrel-macos-x86_64 | 1.0 | NOTE | ||||
r-oldrel-windows-ix86+x86_64 | 1.0 | 4.00 | 29.00 | 33.00 | NOTE |
Version: 1.0
Check: R code for possible problems
Result: NOTE
hausman: no visible global function definition for 'pchisq'
ivbe: no visible global function definition for 'cor'
ivbe: no visible global function definition for 'pt'
ivfixed: no visible global function definition for 'cor'
ivfixed: no visible global function definition for 'pt'
ivpan.formula: no visible global function definition for 'model.matrix'
ivpan.formula: no visible global function definition for
'model.response'
ivrandom: no visible global function definition for 'cor'
ivrandom: no visible global function definition for 'pt'
summary.ivpan: no visible global function definition for 'printCoefmat'
Undefined global functions or variables:
cor model.matrix model.response pchisq printCoefmat pt
Consider adding
importFrom("stats", "cor", "model.matrix", "model.response", "pchisq",
"printCoefmat", "pt")
to your NAMESPACE file.
Flavors: r-devel-linux-x86_64-debian-clang, r-devel-linux-x86_64-debian-gcc, r-devel-linux-x86_64-fedora-clang, r-devel-linux-x86_64-fedora-gcc, r-patched-linux-x86_64, r-release-linux-x86_64, r-release-macos-arm64, r-release-macos-x86_64, r-release-windows-x86_64, r-oldrel-macos-arm64, r-oldrel-macos-x86_64, r-oldrel-windows-ix86+x86_64