Last updated on 2022-04-24 03:52:28 CEST.
Flavor | Version | Tinstall | Tcheck | Ttotal | Status | Flags |
---|---|---|---|---|---|---|
r-devel-linux-x86_64-debian-clang | 0.6-1 | 5.28 | 81.75 | 87.03 | OK | |
r-devel-linux-x86_64-debian-gcc | 0.6-1 | 4.20 | 61.71 | 65.91 | OK | |
r-devel-linux-x86_64-fedora-clang | 0.6-1 | 108.45 | NOTE | |||
r-devel-linux-x86_64-fedora-gcc | 0.6-1 | 91.65 | OK | |||
r-patched-linux-x86_64 | 0.6-1 | 10.94 | 80.12 | 91.06 | OK | |
r-release-linux-x86_64 | 0.6-1 | 3.29 | 78.15 | 81.44 | OK | |
r-release-macos-arm64 | 0.6-1 | NOTE | ||||
r-release-macos-x86_64 | 0.6-1 | NOTE | ||||
r-release-windows-x86_64 | 0.6-1 | 25.00 | 106.00 | 131.00 | NOTE | |
r-oldrel-macos-arm64 | 0.6-1 | NOTE | ||||
r-oldrel-macos-x86_64 | 0.6-1 | NOTE | ||||
r-oldrel-windows-ix86+x86_64 | 0.6-1 | 10.00 | 95.00 | 105.00 | NOTE |
Version: 0.6-1
Check: installed package size
Result: NOTE
installed size is 5.7Mb
sub-directories of 1Mb or more:
doc 5.4Mb
Flavors: r-devel-linux-x86_64-fedora-clang, r-release-macos-arm64, r-release-macos-x86_64, r-release-windows-x86_64, r-oldrel-macos-arm64, r-oldrel-macos-x86_64, r-oldrel-windows-ix86+x86_64