Last updated on 2022-04-24 03:52:28 CEST.
Flavor | Version | Tinstall | Tcheck | Ttotal | Status | Flags |
---|---|---|---|---|---|---|
r-devel-linux-x86_64-debian-clang | 0.2.1 | 833.27 | 215.73 | 1049.00 | OK | |
r-devel-linux-x86_64-debian-gcc | 0.2.1 | 672.70 | 161.75 | 834.45 | OK | |
r-devel-linux-x86_64-fedora-clang | 0.2.1 | 1609.31 | NOTE | |||
r-devel-linux-x86_64-fedora-gcc | 0.2.1 | 1391.77 | OK | |||
r-patched-linux-x86_64 | 0.2.1 | 693.46 | 208.27 | 901.73 | OK | |
r-release-linux-x86_64 | 0.2.1 | 703.16 | 206.11 | 909.27 | OK | |
r-release-macos-arm64 | 0.2.1 | NOTE | ||||
r-release-macos-x86_64 | 0.2.1 | NOTE | ||||
r-release-windows-x86_64 | 0.2.1 | 636.00 | 355.00 | 991.00 | OK | |
r-oldrel-macos-arm64 | 0.2.1 | NOTE | ||||
r-oldrel-macos-x86_64 | 0.2.1 | NOTE | ||||
r-oldrel-windows-ix86+x86_64 | 0.2.1 | 1975.00 | 671.00 | 2646.00 | NOTE |
Version: 0.2.1
Check: installed package size
Result: NOTE
installed size is 24.4Mb
sub-directories of 1Mb or more:
libs 23.0Mb
Flavors: r-devel-linux-x86_64-fedora-clang, r-release-macos-arm64, r-release-macos-x86_64, r-oldrel-macos-arm64, r-oldrel-macos-x86_64, r-oldrel-windows-ix86+x86_64