Last updated on 2022-04-24 03:52:28 CEST.
Flavor | Version | Tinstall | Tcheck | Ttotal | Status | Flags |
---|---|---|---|---|---|---|
r-devel-linux-x86_64-debian-clang | 1.1.1 | 2.43 | 40.47 | 42.90 | NOTE | |
r-devel-linux-x86_64-debian-gcc | 1.1.1 | 2.19 | 30.85 | 33.04 | NOTE | |
r-devel-linux-x86_64-fedora-clang | 1.1.1 | 52.19 | NOTE | |||
r-devel-linux-x86_64-fedora-gcc | 1.1.1 | 40.32 | NOTE | |||
r-patched-linux-x86_64 | 1.1.1 | 2.69 | 38.73 | 41.42 | NOTE | |
r-release-linux-x86_64 | 1.1.1 | 2.82 | 36.85 | 39.67 | NOTE | |
r-release-macos-arm64 | 1.1.1 | NOTE | ||||
r-release-macos-x86_64 | 1.1.1 | NOTE | ||||
r-release-windows-x86_64 | 1.1.1 | 12.00 | 55.00 | 67.00 | NOTE | |
r-oldrel-macos-arm64 | 1.1.1 | NOTE | ||||
r-oldrel-macos-x86_64 | 1.1.1 | NOTE | ||||
r-oldrel-windows-ix86+x86_64 | 1.1.1 | 6.00 | 45.00 | 51.00 | NOTE |
Version: 1.1.1
Check: R code for possible problems
Result: NOTE
sonarCSV: no visible global function definition for 'read.csv'
Undefined global functions or variables:
read.csv
Consider adding
importFrom("utils", "read.csv")
to your NAMESPACE file.
Flavors: r-devel-linux-x86_64-debian-clang, r-devel-linux-x86_64-debian-gcc, r-devel-linux-x86_64-fedora-clang, r-devel-linux-x86_64-fedora-gcc, r-patched-linux-x86_64, r-release-linux-x86_64, r-release-macos-arm64, r-release-macos-x86_64, r-release-windows-x86_64, r-oldrel-macos-arm64, r-oldrel-macos-x86_64, r-oldrel-windows-ix86+x86_64