Last updated on 2022-04-24 03:52:28 CEST.
Flavor | Version | Tinstall | Tcheck | Ttotal | Status | Flags |
---|---|---|---|---|---|---|
r-devel-linux-x86_64-debian-clang | 1.1.3 | 299.14 | 62.94 | 362.08 | NOTE | |
r-devel-linux-x86_64-debian-gcc | 1.1.3 | 260.21 | 47.70 | 307.91 | NOTE | |
r-devel-linux-x86_64-fedora-clang | 1.1.3 | 595.99 | NOTE | |||
r-devel-linux-x86_64-fedora-gcc | 1.1.3 | 486.79 | NOTE | |||
r-patched-linux-x86_64 | 1.1.3 | 269.38 | 60.94 | 330.32 | NOTE | |
r-release-linux-x86_64 | 1.1.3 | 272.06 | 60.72 | 332.78 | NOTE | |
r-release-macos-arm64 | 1.1.3 | NOTE | ||||
r-release-macos-x86_64 | 1.1.3 | NOTE | ||||
r-release-windows-x86_64 | 1.1.3 | 296.00 | 155.00 | 451.00 | NOTE | |
r-oldrel-macos-arm64 | 1.1.3 | NOTE | ||||
r-oldrel-macos-x86_64 | 1.1.3 | NOTE | ||||
r-oldrel-windows-ix86+x86_64 | 1.1.3 | 726.00 | 123.00 | 849.00 | NOTE |
Version: 1.1.3
Check: for GNU extensions in Makefiles
Result: NOTE
GNU make is a SystemRequirements.
Flavors: r-devel-linux-x86_64-debian-clang, r-devel-linux-x86_64-debian-gcc, r-devel-linux-x86_64-fedora-clang, r-devel-linux-x86_64-fedora-gcc, r-patched-linux-x86_64, r-release-linux-x86_64, r-release-macos-arm64, r-release-macos-x86_64, r-release-windows-x86_64, r-oldrel-macos-arm64, r-oldrel-macos-x86_64, r-oldrel-windows-ix86+x86_64
Version: 1.1.3
Check: installed package size
Result: NOTE
installed size is 14.3Mb
sub-directories of 1Mb or more:
art_profiles 1.5Mb
libs 12.0Mb
Flavors: r-devel-linux-x86_64-fedora-clang, r-release-macos-arm64, r-release-macos-x86_64, r-release-windows-x86_64, r-oldrel-macos-arm64, r-oldrel-macos-x86_64, r-oldrel-windows-ix86+x86_64