Last updated on 2022-04-24 03:52:28 CEST.
Flavor | Version | Tinstall | Tcheck | Ttotal | Status | Flags |
---|---|---|---|---|---|---|
r-devel-linux-x86_64-debian-clang | 1.3.1 | 12.41 | 118.07 | 130.48 | OK | |
r-devel-linux-x86_64-debian-gcc | 1.3.1 | 9.36 | 88.24 | 97.60 | OK | |
r-devel-linux-x86_64-fedora-clang | 1.3.1 | 158.25 | OK | |||
r-devel-linux-x86_64-fedora-gcc | 1.3.1 | 140.23 | OK | |||
r-patched-linux-x86_64 | 1.3.1 | 11.20 | 110.59 | 121.79 | OK | |
r-release-linux-x86_64 | 1.3.1 | 9.82 | 101.24 | 111.06 | OK | |
r-release-macos-arm64 | 1.3.1 | OK | ||||
r-release-macos-x86_64 | 1.3.1 | ERROR | ||||
r-release-windows-x86_64 | 1.3.1 | 36.00 | 125.00 | 161.00 | OK | |
r-oldrel-macos-arm64 | 1.3.1 | OK | ||||
r-oldrel-macos-x86_64 | 1.3.1 | ERROR | ||||
r-oldrel-windows-ix86+x86_64 | 1.3.1 | 27.00 | 115.00 | 142.00 | OK |
Version: 1.3.1
Check: package dependencies
Result: ERROR
Package required but not available: ‘lfa’
See section ‘The DESCRIPTION file’ in the ‘Writing R Extensions’
manual.
Flavors: r-release-macos-x86_64, r-oldrel-macos-x86_64