Last updated on 2022-04-24 03:52:28 CEST.
Flavor | Version | Tinstall | Tcheck | Ttotal | Status | Flags |
---|---|---|---|---|---|---|
r-devel-linux-x86_64-debian-clang | 0.6 | 1.96 | 30.35 | 32.31 | NOTE | |
r-devel-linux-x86_64-debian-gcc | 0.6 | 1.44 | 23.20 | 24.64 | NOTE | |
r-devel-linux-x86_64-fedora-clang | 0.6 | 39.57 | NOTE | |||
r-devel-linux-x86_64-fedora-gcc | 0.6 | 27.71 | NOTE | |||
r-patched-linux-x86_64 | 0.6 | 1.87 | 29.39 | 31.26 | NOTE | |
r-release-linux-x86_64 | 0.6 | 1.90 | 28.63 | 30.53 | NOTE | |
r-release-macos-arm64 | 0.6 | NOTE | ||||
r-release-macos-x86_64 | 0.6 | NOTE | ||||
r-release-windows-x86_64 | 0.6 | 8.00 | 41.00 | 49.00 | NOTE | |
r-oldrel-macos-arm64 | 0.6 | NOTE | ||||
r-oldrel-macos-x86_64 | 0.6 | NOTE | ||||
r-oldrel-windows-ix86+x86_64 | 0.6 | 4.00 | 24.00 | 28.00 | NOTE |
Version: 0.6
Check: LazyData
Result: NOTE
'LazyData' is specified without a 'data' directory
Flavors: r-devel-linux-x86_64-debian-clang, r-devel-linux-x86_64-debian-gcc, r-devel-linux-x86_64-fedora-clang, r-devel-linux-x86_64-fedora-gcc, r-patched-linux-x86_64, r-release-linux-x86_64, r-release-macos-arm64, r-release-macos-x86_64, r-release-windows-x86_64, r-oldrel-macos-arm64, r-oldrel-macos-x86_64, r-oldrel-windows-ix86+x86_64