Last updated on 2022-04-24 03:52:28 CEST.
Flavor | Version | Tinstall | Tcheck | Ttotal | Status | Flags |
---|---|---|---|---|---|---|
r-devel-linux-x86_64-debian-clang | 0.1.5 | 2.74 | 36.23 | 38.97 | OK | |
r-devel-linux-x86_64-debian-gcc | 0.1.5 | 2.96 | 27.41 | 30.37 | OK | |
r-devel-linux-x86_64-fedora-clang | 0.1.5 | 48.67 | NOTE | |||
r-devel-linux-x86_64-fedora-gcc | 0.1.5 | 36.08 | NOTE | |||
r-patched-linux-x86_64 | 0.1.5 | 3.46 | 34.11 | 37.57 | OK | |
r-release-linux-x86_64 | 0.1.5 | 2.91 | 33.45 | 36.36 | OK | |
r-release-macos-arm64 | 0.1.5 | NOTE | ||||
r-release-macos-x86_64 | 0.1.5 | NOTE | ||||
r-release-windows-x86_64 | 0.1.5 | 28.00 | 51.00 | 79.00 | OK | |
r-oldrel-macos-arm64 | 0.1.5 | NOTE | ||||
r-oldrel-macos-x86_64 | 0.1.5 | NOTE | ||||
r-oldrel-windows-ix86+x86_64 | 0.1.5 | 6.00 | 41.00 | 47.00 | OK |
Version: 0.1.5
Check: data for non-ASCII characters
Result: NOTE
Note: found 1 marked UTF-8 string
Flavors: r-devel-linux-x86_64-fedora-clang, r-devel-linux-x86_64-fedora-gcc, r-release-macos-arm64, r-release-macos-x86_64, r-oldrel-macos-arm64, r-oldrel-macos-x86_64