Last updated on 2022-04-24 03:52:28 CEST.
Flavor | Version | Tinstall | Tcheck | Ttotal | Status | Flags |
---|---|---|---|---|---|---|
r-devel-linux-x86_64-debian-clang | 2.1.0 | 8.34 | 106.95 | 115.29 | NOTE | |
r-devel-linux-x86_64-debian-gcc | 2.1.0 | 6.86 | 79.43 | 86.29 | NOTE | |
r-devel-linux-x86_64-fedora-clang | 2.1.0 | 138.56 | NOTE | |||
r-devel-linux-x86_64-fedora-gcc | 2.1.0 | 120.55 | NOTE | |||
r-patched-linux-x86_64 | 2.1.0 | 7.88 | 100.36 | 108.24 | NOTE | |
r-release-linux-x86_64 | 2.1.0 | 6.77 | 94.89 | 101.66 | NOTE | |
r-release-macos-arm64 | 2.1.0 | NOTE | ||||
r-release-macos-x86_64 | 2.1.0 | NOTE | ||||
r-release-windows-x86_64 | 2.1.0 | 29.00 | 128.00 | 157.00 | NOTE | |
r-oldrel-macos-arm64 | 2.1.0 | NOTE | ||||
r-oldrel-macos-x86_64 | 2.1.0 | NOTE | ||||
r-oldrel-windows-ix86+x86_64 | 2.1.0 | 18.00 | 108.00 | 126.00 | WARN |
Version: 2.1.0
Check: LazyData
Result: NOTE
'LazyData' is specified without a 'data' directory
Flavors: r-devel-linux-x86_64-debian-clang, r-devel-linux-x86_64-debian-gcc, r-devel-linux-x86_64-fedora-clang, r-devel-linux-x86_64-fedora-gcc, r-patched-linux-x86_64, r-release-linux-x86_64, r-release-macos-arm64, r-release-macos-x86_64, r-release-windows-x86_64, r-oldrel-macos-arm64, r-oldrel-macos-x86_64, r-oldrel-windows-ix86+x86_64
Version: 2.1.0
Check: re-building of vignette outputs
Result: WARN
Error(s) in re-building vignettes:
--- re-building 'janitor.Rmd' using rmarkdown
Error: processing vignette 'janitor.Rmd' failed with diagnostics:
only `math_method = 'mathjax'` is supported with earlier version than Pandoc 2.0
--- failed re-building 'janitor.Rmd'
--- re-building 'tabyls.Rmd' using rmarkdown
Error: processing vignette 'tabyls.Rmd' failed with diagnostics:
only `math_method = 'mathjax'` is supported with earlier version than Pandoc 2.0
--- failed re-building 'tabyls.Rmd'
SUMMARY: processing the following files failed:
'janitor.Rmd' 'tabyls.Rmd'
Error: Vignette re-building failed.
Execution halted
Flavor: r-oldrel-windows-ix86+x86_64