Last updated on 2022-04-24 03:52:28 CEST.
Flavor | Version | Tinstall | Tcheck | Ttotal | Status | Flags |
---|---|---|---|---|---|---|
r-devel-linux-x86_64-debian-clang | 0.3.0 | 1.85 | 36.72 | 38.57 | NOTE | |
r-devel-linux-x86_64-debian-gcc | 0.3.0 | 1.64 | 28.89 | 30.53 | NOTE | |
r-devel-linux-x86_64-fedora-clang | 0.3.0 | 48.89 | NOTE | |||
r-devel-linux-x86_64-fedora-gcc | 0.3.0 | 36.23 | NOTE | |||
r-patched-linux-x86_64 | 0.3.0 | 2.23 | 35.61 | 37.84 | NOTE | |
r-release-linux-x86_64 | 0.3.0 | 1.89 | 35.25 | 37.14 | NOTE | |
r-release-macos-arm64 | 0.3.0 | NOTE | ||||
r-release-macos-x86_64 | 0.3.0 | NOTE | ||||
r-release-windows-x86_64 | 0.3.0 | 13.00 | 56.00 | 69.00 | NOTE | |
r-oldrel-macos-arm64 | 0.3.0 | NOTE | ||||
r-oldrel-macos-x86_64 | 0.3.0 | NOTE | ||||
r-oldrel-windows-ix86+x86_64 | 0.3.0 | 5.00 | 43.00 | 48.00 | NOTE |
Version: 0.3.0
Check: LazyData
Result: NOTE
'LazyData' is specified without a 'data' directory
Flavors: r-devel-linux-x86_64-debian-clang, r-devel-linux-x86_64-debian-gcc, r-devel-linux-x86_64-fedora-clang, r-devel-linux-x86_64-fedora-gcc, r-patched-linux-x86_64, r-release-linux-x86_64, r-release-macos-arm64, r-release-macos-x86_64, r-release-windows-x86_64, r-oldrel-macos-arm64, r-oldrel-macos-x86_64, r-oldrel-windows-ix86+x86_64