Last updated on 2022-04-24 03:52:28 CEST.
Flavor | Version | Tinstall | Tcheck | Ttotal | Status | Flags |
---|---|---|---|---|---|---|
r-devel-linux-x86_64-debian-clang | 2.0.0 | 11.32 | 89.70 | 101.02 | OK | |
r-devel-linux-x86_64-debian-gcc | 2.0.0 | 8.64 | 66.31 | 74.95 | OK | |
r-devel-linux-x86_64-fedora-clang | 2.0.0 | 120.81 | NOTE | |||
r-devel-linux-x86_64-fedora-gcc | 2.0.0 | 105.17 | NOTE | |||
r-patched-linux-x86_64 | 2.0.0 | 9.97 | 84.22 | 94.19 | OK | |
r-release-linux-x86_64 | 2.0.0 | 6.26 | 81.13 | 87.39 | OK | |
r-release-macos-arm64 | 2.0.0 | NOTE | ||||
r-release-macos-x86_64 | 2.0.0 | ERROR | ||||
r-release-windows-x86_64 | 2.0.0 | 27.00 | 103.00 | 130.00 | OK | |
r-oldrel-macos-arm64 | 2.0.0 | NOTE | ||||
r-oldrel-macos-x86_64 | 2.0.0 | ERROR | ||||
r-oldrel-windows-ix86+x86_64 | 2.0.0 | 24.00 | 97.00 | 121.00 | OK |
Version: 2.0.0
Check: dependencies in R code
Result: NOTE
Namespaces in Imports field not imported from:
‘grid’ ‘mcmcplots’ ‘tidyverse’
All declared Imports should be used.
Flavors: r-devel-linux-x86_64-fedora-clang, r-devel-linux-x86_64-fedora-gcc, r-release-macos-arm64, r-oldrel-macos-arm64
Version: 2.0.0
Check: whether package can be installed
Result: ERROR
Installation failed.
Flavors: r-release-macos-x86_64, r-oldrel-macos-x86_64