Last updated on 2022-04-24 03:52:28 CEST.
Flavor | Version | Tinstall | Tcheck | Ttotal | Status | Flags |
---|---|---|---|---|---|---|
r-devel-linux-x86_64-debian-clang | 0.11 | 74.25 | 72.17 | 146.42 | OK | |
r-devel-linux-x86_64-debian-gcc | 0.11 | 56.78 | 57.51 | 114.29 | OK | |
r-devel-linux-x86_64-fedora-clang | 0.11 | 213.44 | OK | |||
r-devel-linux-x86_64-fedora-gcc | 0.11 | 179.26 | OK | |||
r-patched-linux-x86_64 | 0.11 | 63.05 | 72.72 | 135.77 | OK | |
r-release-linux-x86_64 | 0.11 | 62.42 | 72.14 | 134.56 | OK | |
r-release-macos-arm64 | 0.11 | NOTE | ||||
r-release-macos-x86_64 | 0.11 | NOTE | ||||
r-release-windows-x86_64 | 0.11 | 78.00 | 126.00 | 204.00 | OK | |
r-oldrel-macos-arm64 | 0.11 | NOTE | ||||
r-oldrel-macos-x86_64 | 0.11 | NOTE | ||||
r-oldrel-windows-ix86+x86_64 | 0.11 | 166.00 | 145.00 | 311.00 | OK |
Version: 0.11
Check: installed package size
Result: NOTE
installed size is 6.9Mb
sub-directories of 1Mb or more:
libs 6.5Mb
Flavors: r-release-macos-arm64, r-release-macos-x86_64, r-oldrel-macos-arm64, r-oldrel-macos-x86_64