Last updated on 2022-04-24 03:52:28 CEST.
Flavor | Version | Tinstall | Tcheck | Ttotal | Status | Flags |
---|---|---|---|---|---|---|
r-devel-linux-x86_64-debian-clang | 0.1.0 | 55.21 | 46.97 | 102.18 | OK | |
r-devel-linux-x86_64-debian-gcc | 0.1.0 | 56.72 | 35.56 | 92.28 | OK | |
r-devel-linux-x86_64-fedora-clang | 0.1.0 | 160.77 | NOTE | |||
r-devel-linux-x86_64-fedora-gcc | 0.1.0 | 148.14 | OK | |||
r-patched-linux-x86_64 | 0.1.0 | 58.30 | 44.45 | 102.75 | OK | |
r-release-linux-x86_64 | 0.1.0 | 57.88 | 43.85 | 101.73 | OK | |
r-release-macos-arm64 | 0.1.0 | NOTE | ||||
r-release-macos-x86_64 | 0.1.0 | NOTE | ||||
r-release-windows-x86_64 | 0.1.0 | 51.00 | 100.00 | 151.00 | OK | |
r-oldrel-macos-arm64 | 0.1.0 | NOTE | ||||
r-oldrel-macos-x86_64 | 0.1.0 | NOTE | ||||
r-oldrel-windows-ix86+x86_64 | 0.1.0 | 127.00 | 86.00 | 213.00 | OK |
Version: 0.1.0
Check: installed package size
Result: NOTE
installed size is 5.4Mb
sub-directories of 1Mb or more:
libs 5.2Mb
Flavors: r-devel-linux-x86_64-fedora-clang, r-release-macos-arm64, r-release-macos-x86_64, r-oldrel-macos-arm64, r-oldrel-macos-x86_64