Last updated on 2022-04-24 03:52:28 CEST.
Flavor | Version | Tinstall | Tcheck | Ttotal | Status | Flags |
---|---|---|---|---|---|---|
r-devel-linux-x86_64-debian-clang | 0.2.4 | 57.75 | 72.41 | 130.16 | OK | |
r-devel-linux-x86_64-debian-gcc | 0.2.4 | 40.08 | 55.21 | 95.29 | OK | |
r-devel-linux-x86_64-fedora-clang | 0.2.4 | 168.45 | OK | |||
r-devel-linux-x86_64-fedora-gcc | 0.2.4 | 142.83 | OK | |||
r-patched-linux-x86_64 | 0.2.4 | 41.22 | 69.76 | 110.98 | OK | |
r-release-linux-x86_64 | 0.2.4 | 44.45 | 67.76 | 112.21 | OK | |
r-release-macos-arm64 | 0.2.4 | NOTE | ||||
r-release-macos-x86_64 | 0.2.4 | NOTE | ||||
r-release-windows-x86_64 | 0.2.4 | 52.00 | 105.00 | 157.00 | OK | |
r-oldrel-macos-arm64 | 0.2.4 | NOTE | ||||
r-oldrel-macos-x86_64 | 0.2.4 | NOTE | ||||
r-oldrel-windows-ix86+x86_64 | 0.2.4 | 115.00 | 114.00 | 229.00 | OK |
Version: 0.2.4
Check: installed package size
Result: NOTE
installed size is 6.8Mb
sub-directories of 1Mb or more:
libs 5.6Mb
Flavors: r-release-macos-arm64, r-release-macos-x86_64, r-oldrel-macos-arm64, r-oldrel-macos-x86_64