Last updated on 2022-04-24 03:52:28 CEST.
Flavor | Version | Tinstall | Tcheck | Ttotal | Status | Flags |
---|---|---|---|---|---|---|
r-devel-linux-x86_64-debian-clang | 1.1.1 | 278.13 | 46.36 | 324.49 | OK | |
r-devel-linux-x86_64-debian-gcc | 1.1.1 | 210.96 | 35.95 | 246.91 | OK | |
r-devel-linux-x86_64-fedora-clang | 1.1.1 | 475.37 | NOTE | |||
r-devel-linux-x86_64-fedora-gcc | 1.1.1 | 400.33 | OK | |||
r-patched-linux-x86_64 | 1.1.1 | 228.30 | 44.47 | 272.77 | OK | |
r-release-linux-x86_64 | 1.1.1 | 230.95 | 43.77 | 274.72 | OK | |
r-release-macos-arm64 | 1.1.1 | NOTE | ||||
r-release-macos-x86_64 | 1.1.1 | NOTE | ||||
r-release-windows-x86_64 | 1.1.1 | 222.00 | 92.00 | 314.00 | OK | |
r-oldrel-macos-arm64 | 1.1.1 | NOTE | ||||
r-oldrel-macos-x86_64 | 1.1.1 | NOTE | ||||
r-oldrel-windows-ix86+x86_64 | 1.1.1 | 630.00 | 93.00 | 723.00 | OK |
Version: 1.1.1
Check: installed package size
Result: NOTE
installed size is 6.1Mb
sub-directories of 1Mb or more:
data 1.1Mb
libs 4.9Mb
Flavors: r-devel-linux-x86_64-fedora-clang, r-release-macos-arm64, r-release-macos-x86_64, r-oldrel-macos-arm64, r-oldrel-macos-x86_64