Last updated on 2022-04-24 03:52:28 CEST.
| Flavor | Version | Tinstall | Tcheck | Ttotal | Status | Flags | 
|---|---|---|---|---|---|---|
| r-devel-linux-x86_64-debian-clang | 2.3.4 | 99.68 | 228.19 | 327.87 | OK | |
| r-devel-linux-x86_64-debian-gcc | 2.3.4 | 85.20 | 105.91 | 191.11 | OK | |
| r-devel-linux-x86_64-fedora-clang | 2.3.4 | 321.26 | NOTE | |||
| r-devel-linux-x86_64-fedora-gcc | 2.3.4 | 303.74 | NOTE | |||
| r-patched-linux-x86_64 | 2.3.4 | 93.22 | 137.46 | 230.68 | OK | |
| r-release-linux-x86_64 | 2.3.4 | 90.21 | 129.37 | 219.58 | OK | |
| r-release-macos-arm64 | 2.3.4 | NOTE | ||||
| r-release-macos-x86_64 | 2.3.4 | NOTE | ||||
| r-release-windows-x86_64 | 2.3.4 | 105.00 | 170.00 | 275.00 | NOTE | |
| r-oldrel-macos-arm64 | 2.3.4 | NOTE | ||||
| r-oldrel-macos-x86_64 | 2.3.4 | NOTE | ||||
| r-oldrel-windows-ix86+x86_64 | 2.3.4 | 148.00 | 168.00 | 316.00 | NOTE | 
Version: 2.3.4
Check: package dependencies
Result: NOTE
    Imports includes 23 non-default packages.
    Importing from so many packages makes the package vulnerable to any of
    them becoming unavailable.  Move as many as possible to Suggests and
    use conditionally.
Flavor: r-devel-linux-x86_64-fedora-clang
Version: 2.3.4
Check: installed package size
Result: NOTE
      installed size is  8.0Mb
      sub-directories of 1Mb or more:
        R      3.8Mb
        i18n   4.0Mb
Flavors: r-devel-linux-x86_64-fedora-clang, r-release-macos-arm64, r-release-macos-x86_64, r-release-windows-x86_64, r-oldrel-macos-arm64, r-oldrel-macos-x86_64, r-oldrel-windows-ix86+x86_64
Version: 2.3.4
Check: dependencies in R code
Result: NOTE
    Namespaces in Imports field not imported from:
      ‘BayesFactor’ ‘GGally’ ‘GPArotation’ ‘MASS’ ‘PMCMR’ ‘R6’ ‘ROCR’
      ‘afex’ ‘car’ ‘dplyr’ ‘emmeans’ ‘ggrepel’ ‘ggridges’ ‘lavaan’
      ‘multcomp’ ‘mvnormtest’ ‘nnet’ ‘psych’ ‘vcd’ ‘vcdExtra’
      All declared Imports should be used.
Flavors: r-devel-linux-x86_64-fedora-clang, r-devel-linux-x86_64-fedora-gcc, r-release-macos-arm64, r-release-macos-x86_64, r-oldrel-macos-arm64, r-oldrel-macos-x86_64