Last updated on 2022-04-24 03:52:28 CEST.
Flavor | Version | Tinstall | Tcheck | Ttotal | Status | Flags |
---|---|---|---|---|---|---|
r-devel-linux-x86_64-debian-clang | 1.0.1 | 6.71 | 86.13 | 92.84 | NOTE | |
r-devel-linux-x86_64-debian-gcc | 1.0.1 | 6.37 | 63.41 | 69.78 | NOTE | |
r-devel-linux-x86_64-fedora-clang | 1.0.1 | 109.62 | NOTE | |||
r-devel-linux-x86_64-fedora-gcc | 1.0.1 | 96.71 | NOTE | |||
r-patched-linux-x86_64 | 1.0.1 | 7.37 | 79.66 | 87.03 | NOTE | |
r-release-linux-x86_64 | 1.0.1 | 5.91 | 71.75 | 77.66 | NOTE | |
r-release-macos-arm64 | 1.0.1 | NOTE | ||||
r-release-macos-x86_64 | 1.0.1 | NOTE | ||||
r-release-windows-x86_64 | 1.0.1 | 15.00 | 98.00 | 113.00 | NOTE | |
r-oldrel-macos-arm64 | 1.0.1 | NOTE | ||||
r-oldrel-macos-x86_64 | 1.0.1 | NOTE | ||||
r-oldrel-windows-ix86+x86_64 | 1.0.1 | 17.00 | 87.00 | 104.00 | NOTE |
Version: 1.0.1
Check: LazyData
Result: NOTE
'LazyData' is specified without a 'data' directory
Flavors: r-devel-linux-x86_64-debian-clang, r-devel-linux-x86_64-debian-gcc, r-devel-linux-x86_64-fedora-clang, r-devel-linux-x86_64-fedora-gcc, r-patched-linux-x86_64, r-release-linux-x86_64, r-release-macos-arm64, r-release-macos-x86_64, r-release-windows-x86_64, r-oldrel-macos-arm64, r-oldrel-macos-x86_64, r-oldrel-windows-ix86+x86_64