Last updated on 2022-04-24 03:52:28 CEST.
Flavor | Version | Tinstall | Tcheck | Ttotal | Status | Flags |
---|---|---|---|---|---|---|
r-devel-linux-x86_64-debian-clang | 0.4.5 | 112.31 | 533.16 | 645.47 | OK | |
r-devel-linux-x86_64-debian-gcc | 0.4.5 | 94.62 | 390.55 | 485.17 | OK | |
r-devel-linux-x86_64-fedora-clang | 0.4.5 | 793.89 | NOTE | |||
r-devel-linux-x86_64-fedora-gcc | 0.4.5 | 762.09 | OK | |||
r-patched-linux-x86_64 | 0.4.5 | 94.15 | 501.43 | 595.58 | OK | |
r-release-linux-x86_64 | 0.4.5 | 90.83 | 458.65 | 549.48 | OK | |
r-release-macos-arm64 | 0.4.5 | NOTE | ||||
r-release-macos-x86_64 | 0.4.5 | NOTE | ||||
r-release-windows-x86_64 | 0.4.5 | 108.00 | 678.00 | 786.00 | OK | |
r-oldrel-macos-arm64 | 0.4.5 | NOTE | ||||
r-oldrel-macos-x86_64 | 0.4.5 | NOTE | ||||
r-oldrel-windows-ix86+x86_64 | 0.4.5 | 264.00 | 941.00 | 1205.00 | OK |
Version: 0.4.5
Check: installed package size
Result: NOTE
installed size is 5.6Mb
sub-directories of 1Mb or more:
data 1.3Mb
libs 3.1Mb
Flavors: r-devel-linux-x86_64-fedora-clang, r-release-macos-arm64, r-release-macos-x86_64, r-oldrel-macos-arm64, r-oldrel-macos-x86_64