Last updated on 2022-04-24 03:52:28 CEST.
Flavor | Version | Tinstall | Tcheck | Ttotal | Status | Flags |
---|---|---|---|---|---|---|
r-devel-linux-x86_64-debian-clang | 0.0.10 | 3.30 | 81.40 | 84.70 | NOTE | |
r-devel-linux-x86_64-debian-gcc | 0.0.10 | 2.40 | 60.69 | 63.09 | NOTE | |
r-devel-linux-x86_64-fedora-clang | 0.0.10 | 100.22 | NOTE | |||
r-devel-linux-x86_64-fedora-gcc | 0.0.10 | 87.25 | NOTE | |||
r-patched-linux-x86_64 | 0.0.10 | 3.21 | 77.41 | 80.62 | NOTE | |
r-release-linux-x86_64 | 0.0.10 | 2.24 | 75.01 | 77.25 | NOTE | |
r-release-macos-arm64 | 0.0.10 | NOTE | ||||
r-release-macos-x86_64 | 0.0.10 | NOTE | ||||
r-release-windows-x86_64 | 0.0.10 | 12.00 | 109.00 | 121.00 | NOTE | |
r-oldrel-macos-arm64 | 0.0.10 | NOTE | ||||
r-oldrel-macos-x86_64 | 0.0.10 | NOTE | ||||
r-oldrel-windows-ix86+x86_64 | 0.0.10 | 6.00 | 94.00 | 100.00 | OK |
Version: 0.0.10
Check: package dependencies
Result: NOTE
Package which this enhances but not available for checking: 'remMap'
Flavors: r-devel-linux-x86_64-debian-clang, r-devel-linux-x86_64-debian-gcc, r-devel-linux-x86_64-fedora-clang, r-devel-linux-x86_64-fedora-gcc, r-patched-linux-x86_64, r-release-linux-x86_64, r-release-windows-x86_64
Version: 0.0.10
Check: package dependencies
Result: NOTE
Package which this enhances but not available for checking: ‘MRCE’
Flavors: r-release-macos-arm64, r-release-macos-x86_64, r-oldrel-macos-arm64, r-oldrel-macos-x86_64