Last updated on 2022-04-24 03:52:28 CEST.
Flavor | Version | Tinstall | Tcheck | Ttotal | Status | Flags |
---|---|---|---|---|---|---|
r-devel-linux-x86_64-debian-clang | 0.1.0 | 2.50 | 35.30 | 37.80 | NOTE | |
r-devel-linux-x86_64-debian-gcc | 0.1.0 | 2.04 | 26.75 | 28.79 | NOTE | |
r-devel-linux-x86_64-fedora-clang | 0.1.0 | 45.49 | NOTE | |||
r-devel-linux-x86_64-fedora-gcc | 0.1.0 | 33.45 | NOTE | |||
r-patched-linux-x86_64 | 0.1.0 | 2.61 | 32.99 | 35.60 | NOTE | |
r-release-linux-x86_64 | 0.1.0 | 1.86 | 32.60 | 34.46 | NOTE | |
r-release-macos-arm64 | 0.1.0 | NOTE | ||||
r-release-macos-x86_64 | 0.1.0 | NOTE | ||||
r-release-windows-x86_64 | 0.1.0 | 25.00 | 51.00 | 76.00 | NOTE | |
r-oldrel-macos-arm64 | 0.1.0 | NOTE | ||||
r-oldrel-macos-x86_64 | 0.1.0 | NOTE | ||||
r-oldrel-windows-ix86+x86_64 | 0.1.0 | 5.00 | 41.00 | 46.00 | NOTE |
Version: 0.1.0
Check: LazyData
Result: NOTE
'LazyData' is specified without a 'data' directory
Flavors: r-devel-linux-x86_64-debian-clang, r-devel-linux-x86_64-debian-gcc, r-devel-linux-x86_64-fedora-clang, r-devel-linux-x86_64-fedora-gcc, r-patched-linux-x86_64, r-release-linux-x86_64, r-release-macos-arm64, r-release-macos-x86_64, r-release-windows-x86_64, r-oldrel-macos-arm64, r-oldrel-macos-x86_64, r-oldrel-windows-ix86+x86_64