Last updated on 2022-04-24 03:52:28 CEST.
Flavor | Version | Tinstall | Tcheck | Ttotal | Status | Flags |
---|---|---|---|---|---|---|
r-devel-linux-x86_64-debian-clang | 1.0.2 | 6.93 | 88.04 | 94.97 | OK | |
r-devel-linux-x86_64-debian-gcc | 1.0.2 | 6.52 | 66.53 | 73.05 | OK | |
r-devel-linux-x86_64-fedora-clang | 1.0.2 | 123.08 | OK | |||
r-devel-linux-x86_64-fedora-gcc | 1.0.2 | 120.46 | OK | |||
r-patched-linux-x86_64 | 1.0.2 | 7.71 | 82.80 | 90.51 | OK | |
r-release-linux-x86_64 | 1.0.2 | 7.66 | 83.83 | 91.49 | OK | |
r-release-macos-arm64 | 1.0.2 | NOTE | ||||
r-release-macos-x86_64 | 1.0.2 | OK | ||||
r-release-windows-x86_64 | 1.0.2 | 66.00 | 150.00 | 216.00 | OK | |
r-oldrel-macos-arm64 | 1.0.2 | NOTE | ||||
r-oldrel-macos-x86_64 | 1.0.2 | OK | ||||
r-oldrel-windows-ix86+x86_64 | 1.0.2 | 21.00 | 168.00 | 189.00 | OK |
Version: 1.0.2
Check: package dependencies
Result: NOTE
Package suggested but not available for checking: ‘PSCBS’
Flavors: r-release-macos-arm64, r-oldrel-macos-arm64
Version: 1.0.2
Check: Rd cross-references
Result: NOTE
Package unavailable to check Rd xrefs: ‘PSCBS’
Flavors: r-release-macos-arm64, r-oldrel-macos-arm64