Last updated on 2022-04-24 03:52:28 CEST.
Flavor | Version | Tinstall | Tcheck | Ttotal | Status | Flags |
---|---|---|---|---|---|---|
r-devel-linux-x86_64-debian-clang | 2.7-3 | 73.86 | 283.16 | 357.02 | WARN | |
r-devel-linux-x86_64-debian-gcc | 2.7-3 | 74.76 | 202.28 | 277.04 | OK | |
r-devel-linux-x86_64-fedora-clang | 2.7-3 | 453.00 | WARN | |||
r-devel-linux-x86_64-fedora-gcc | 2.7-3 | 438.82 | OK | |||
r-patched-linux-x86_64 | 2.7-3 | 85.67 | 265.25 | 350.92 | OK | |
r-release-linux-x86_64 | 2.7-3 | 59.71 | 256.51 | 316.22 | OK | |
r-release-macos-arm64 | 2.7-3 | OK | ||||
r-release-macos-x86_64 | 2.7-3 | OK | ||||
r-release-windows-x86_64 | 2.7-3 | 89.00 | 260.00 | 349.00 | OK | |
r-oldrel-macos-arm64 | 2.7-3 | OK | ||||
r-oldrel-macos-x86_64 | 2.7-3 | OK | ||||
r-oldrel-windows-ix86+x86_64 | 2.7-3 | 188.00 | 363.00 | 551.00 | OK |
Version: 2.7-3
Check: whether package can be installed
Result: WARN
Found the following significant warnings:
jomo1C.c:377:12: warning: use of bitwise '&' with boolean operands [-Wbitwise-instead-of-logical]
jomo1C.c:385:17: warning: use of bitwise '&' with boolean operands [-Wbitwise-instead-of-logical]
jomo1ranC.c:520:12: warning: use of bitwise '&' with boolean operands [-Wbitwise-instead-of-logical]
jomo1ranC.c:528:17: warning: use of bitwise '&' with boolean operands [-Wbitwise-instead-of-logical]
jomo1ranhrC.c:679:14: warning: use of bitwise '&' with boolean operands [-Wbitwise-instead-of-logical]
jomo1ranhrC.c:687:19: warning: use of bitwise '&' with boolean operands [-Wbitwise-instead-of-logical]
jomo1ranhrC.c:751:13: warning: use of bitwise '&' with boolean operands [-Wbitwise-instead-of-logical]
jomo1ranhrC.c:758:18: warning: use of bitwise '&' with boolean operands [-Wbitwise-instead-of-logical]
jomo2comC.c:843:12: warning: use of bitwise '&' with boolean operands [-Wbitwise-instead-of-logical]
jomo2comC.c:851:17: warning: use of bitwise '&' with boolean operands [-Wbitwise-instead-of-logical]
jomo2hrC.c:982:14: warning: use of bitwise '&' with boolean operands [-Wbitwise-instead-of-logical]
jomo2hrC.c:990:19: warning: use of bitwise '&' with boolean operands [-Wbitwise-instead-of-logical]
jomo2hrC.c:1054:13: warning: use of bitwise '&' with boolean operands [-Wbitwise-instead-of-logical]
jomo2hrC.c:1061:18: warning: use of bitwise '&' with boolean operands [-Wbitwise-instead-of-logical]
Flavors: r-devel-linux-x86_64-debian-clang, r-devel-linux-x86_64-fedora-clang