Last updated on 2022-04-24 03:52:28 CEST.
Flavor | Version | Tinstall | Tcheck | Ttotal | Status | Flags |
---|---|---|---|---|---|---|
r-devel-linux-x86_64-debian-clang | 0.3.0 | 33.92 | 89.24 | 123.16 | OK | |
r-devel-linux-x86_64-debian-gcc | 0.3.0 | 27.67 | 67.88 | 95.55 | OK | |
r-devel-linux-x86_64-fedora-clang | 0.3.0 | 154.11 | NOTE | |||
r-devel-linux-x86_64-fedora-gcc | 0.3.1 | 160.01 | OK | |||
r-patched-linux-x86_64 | 0.3.0 | 33.53 | 83.55 | 117.08 | OK | |
r-release-linux-x86_64 | 0.3.0 | 34.24 | 81.31 | 115.55 | OK | |
r-release-macos-arm64 | 0.3.0 | NOTE | ||||
r-release-macos-x86_64 | 0.3.0 | NOTE | ||||
r-release-windows-x86_64 | 0.3.0 | 40.00 | 112.00 | 152.00 | OK | |
r-oldrel-macos-arm64 | 0.3.0 | NOTE | ||||
r-oldrel-macos-x86_64 | 0.3.0 | NOTE | ||||
r-oldrel-windows-ix86+x86_64 | 0.3.1 | 55.00 | 100.00 | 155.00 | WARN |
Version: 0.3.0
Check: dependencies in R code
Result: NOTE
Namespaces in Imports field not imported from:
‘knitr’ ‘rmarkdown’
All declared Imports should be used.
Flavors: r-devel-linux-x86_64-fedora-clang, r-release-macos-arm64, r-release-macos-x86_64, r-oldrel-macos-arm64, r-oldrel-macos-x86_64
Version: 0.3.1
Check: whether package can be installed
Result: WARN
Found the following significant warnings:
Warning: unable to re-encode 'abbr2bib.R' line 79
Flavor: r-oldrel-windows-ix86+x86_64