Last updated on 2022-04-24 03:52:28 CEST.
Flavor | Version | Tinstall | Tcheck | Ttotal | Status | Flags |
---|---|---|---|---|---|---|
r-devel-linux-x86_64-debian-clang | 2.1.0 | 13.07 | 199.68 | 212.75 | OK | |
r-devel-linux-x86_64-debian-gcc | 2.1.0 | 10.95 | 150.35 | 161.30 | OK | |
r-devel-linux-x86_64-fedora-clang | 2.1.0 | 265.11 | NOTE | |||
r-devel-linux-x86_64-fedora-gcc | 2.1.0 | 232.57 | NOTE | |||
r-patched-linux-x86_64 | 2.1.0 | 10.19 | 188.28 | 198.47 | OK | |
r-release-linux-x86_64 | 2.1.0 | 11.04 | 186.21 | 197.25 | OK | |
r-release-macos-arm64 | 2.1.0 | NOTE | ||||
r-release-macos-x86_64 | 2.1.0 | NOTE | ||||
r-release-windows-x86_64 | 2.1.0 | 50.00 | 223.00 | 273.00 | OK | |
r-oldrel-macos-arm64 | 2.1.0 | NOTE | ||||
r-oldrel-macos-x86_64 | 2.1.0 | NOTE | ||||
r-oldrel-windows-ix86+x86_64 | 2.1.0 | 27.00 | 224.00 | 251.00 | OK |
Version: 2.1.0
Check: data for non-ASCII characters
Result: NOTE
Note: found 176 marked UTF-8 strings
Flavors: r-devel-linux-x86_64-fedora-clang, r-devel-linux-x86_64-fedora-gcc, r-release-macos-arm64, r-release-macos-x86_64, r-oldrel-macos-arm64, r-oldrel-macos-x86_64