Last updated on 2022-04-24 03:52:28 CEST.
Flavor | Version | Tinstall | Tcheck | Ttotal | Status | Flags |
---|---|---|---|---|---|---|
r-devel-linux-x86_64-debian-clang | 1.6.0 | 5.68 | 60.07 | 65.75 | OK | |
r-devel-linux-x86_64-debian-gcc | 1.6.0 | 4.46 | 46.17 | 50.63 | OK | |
r-devel-linux-x86_64-fedora-clang | 1.6.0 | 78.07 | NOTE | |||
r-devel-linux-x86_64-fedora-gcc | 1.6.0 | 65.77 | NOTE | |||
r-patched-linux-x86_64 | 1.6.0 | 5.31 | 57.26 | 62.57 | OK | |
r-release-linux-x86_64 | 1.6.0 | 5.90 | 54.90 | 60.80 | OK | |
r-release-macos-arm64 | 1.6.0 | NOTE | ||||
r-release-macos-x86_64 | 1.6.0 | NOTE | ||||
r-release-windows-x86_64 | 1.6.0 | 664.00 | 93.00 | 757.00 | OK | |
r-oldrel-macos-arm64 | 1.6.0 | NOTE | ||||
r-oldrel-macos-x86_64 | 1.6.0 | NOTE | ||||
r-oldrel-windows-ix86+x86_64 | 1.6.0 | 16.00 | 72.00 | 88.00 | OK |
Version: 1.6.0
Check: data for non-ASCII characters
Result: NOTE
Note: found 17 marked UTF-8 strings
Flavors: r-devel-linux-x86_64-fedora-clang, r-devel-linux-x86_64-fedora-gcc, r-release-macos-arm64, r-release-macos-x86_64, r-oldrel-macos-arm64, r-oldrel-macos-x86_64