Last updated on 2022-04-24 03:52:28 CEST.
Flavor | Version | Tinstall | Tcheck | Ttotal | Status | Flags |
---|---|---|---|---|---|---|
r-devel-linux-x86_64-debian-clang | 1.3.0 | 40.32 | 254.87 | 295.19 | OK | |
r-devel-linux-x86_64-debian-gcc | 1.3.0 | 30.93 | 188.03 | 218.96 | OK | |
r-devel-linux-x86_64-fedora-clang | 1.3.0 | 367.78 | NOTE | |||
r-devel-linux-x86_64-fedora-gcc | 1.3.0 | 347.71 | NOTE | |||
r-patched-linux-x86_64 | 1.3.0 | 35.13 | 240.19 | 275.32 | OK | |
r-release-linux-x86_64 | 1.3.0 | 33.89 | 225.10 | 258.99 | OK | |
r-release-macos-arm64 | 1.3.0 | NOTE | ||||
r-release-macos-x86_64 | 1.3.0 | WARN | --as-cran | |||
r-release-windows-x86_64 | 1.3.0 | 59.00 | 285.00 | 344.00 | OK | |
r-oldrel-macos-arm64 | 1.3.0 | NOTE | ||||
r-oldrel-macos-x86_64 | 1.3.0 | WARN | --as-cran | |||
r-oldrel-windows-ix86+x86_64 | 1.3.0 | 74.00 | 273.00 | 347.00 | OK |
Version: 1.3.0
Check: package dependencies
Result: NOTE
Imports includes 32 non-default packages.
Importing from so many packages makes the package vulnerable to any of
them becoming unavailable. Move as many as possible to Suggests and
use conditionally.
Flavor: r-devel-linux-x86_64-fedora-clang
Version: 1.3.0
Check: dependencies in R code
Result: NOTE
Namespaces in Imports field not imported from:
‘devEMF’ ‘survC1’
All declared Imports should be used.
Flavors: r-devel-linux-x86_64-fedora-clang, r-devel-linux-x86_64-fedora-gcc, r-release-macos-arm64, r-oldrel-macos-arm64
Version: 1.3.0
Flags: --as-cran
Check: CRAN incoming feasibility
Result: WARN
Maintainer: ‘Jinseob Kim <jinseob2kim@gmail.com>’
Insufficient package version (submitted: 1.3.0, existing: 1.3.0)
Days since last update: 1
Flavors: r-release-macos-x86_64, r-oldrel-macos-x86_64
Version: 1.3.0
Flags: --as-cran
Check: package dependencies
Result: NOTE
Imports includes 32 non-default packages.
Importing from so many packages makes the package vulnerable to any of
them becoming unavailable. Move as many as possible to Suggests and
use conditionally.
Flavors: r-release-macos-x86_64, r-oldrel-macos-x86_64
Version: 1.3.0
Flags: --as-cran
Check: top-level files
Result: NOTE
Files ‘README.md’ or ‘NEWS.md’ cannot be checked without ‘pandoc’ being installed.
Flavors: r-release-macos-x86_64, r-oldrel-macos-x86_64