Last updated on 2022-04-24 03:52:28 CEST.
Flavor | Version | Tinstall | Tcheck | Ttotal | Status | Flags |
---|---|---|---|---|---|---|
r-devel-linux-x86_64-debian-clang | 0.1.3 | 1.71 | 29.94 | 31.65 | NOTE | |
r-devel-linux-x86_64-debian-gcc | 0.1.3 | 1.46 | 23.60 | 25.06 | NOTE | |
r-devel-linux-x86_64-fedora-clang | 0.1.3 | 39.27 | NOTE | |||
r-devel-linux-x86_64-fedora-gcc | 0.1.3 | 27.88 | NOTE | |||
r-patched-linux-x86_64 | 0.1.3 | 1.64 | 29.17 | 30.81 | NOTE | |
r-release-linux-x86_64 | 0.1.3 | 1.65 | 28.75 | 30.40 | NOTE | |
r-release-macos-arm64 | 0.1.3 | NOTE | ||||
r-release-macos-x86_64 | 0.1.3 | NOTE | ||||
r-release-windows-x86_64 | 0.1.3 | 7.00 | 50.00 | 57.00 | NOTE | |
r-oldrel-macos-arm64 | 0.1.3 | NOTE | ||||
r-oldrel-macos-x86_64 | 0.1.3 | NOTE | ||||
r-oldrel-windows-ix86+x86_64 | 0.1.3 | 4.00 | 35.00 | 39.00 | NOTE |
Version: 0.1.3
Check: LazyData
Result: NOTE
'LazyData' is specified without a 'data' directory
Flavors: r-devel-linux-x86_64-debian-clang, r-devel-linux-x86_64-debian-gcc, r-devel-linux-x86_64-fedora-clang, r-devel-linux-x86_64-fedora-gcc, r-patched-linux-x86_64, r-release-linux-x86_64, r-release-macos-arm64, r-release-macos-x86_64, r-release-windows-x86_64, r-oldrel-macos-arm64, r-oldrel-macos-x86_64, r-oldrel-windows-ix86+x86_64