Last updated on 2022-04-24 03:52:28 CEST.
Flavor | Version | Tinstall | Tcheck | Ttotal | Status | Flags |
---|---|---|---|---|---|---|
r-devel-linux-x86_64-debian-clang | 2.0.0 | 36.46 | 42.86 | 79.32 | OK | |
r-devel-linux-x86_64-debian-gcc | 2.0.0 | 31.87 | 33.35 | 65.22 | OK | |
r-devel-linux-x86_64-fedora-clang | 2.0.0 | 109.98 | OK | |||
r-devel-linux-x86_64-fedora-gcc | 2.0.0 | 97.18 | OK | |||
r-patched-linux-x86_64 | 2.0.0 | 37.70 | 42.45 | 80.15 | OK | |
r-release-linux-x86_64 | 2.0.0 | 38.61 | 39.91 | 78.52 | OK | |
r-release-macos-arm64 | 2.0.0 | NOTE | ||||
r-release-macos-x86_64 | 2.0.0 | NOTE | ||||
r-release-windows-x86_64 | 2.0.0 | 51.00 | 82.00 | 133.00 | OK | |
r-oldrel-macos-arm64 | 2.0.0 | NOTE | ||||
r-oldrel-macos-x86_64 | 2.0.0 | NOTE | ||||
r-oldrel-windows-ix86+x86_64 | 2.0.0 | 87.00 | 75.00 | 162.00 | OK |
Version: 2.0.0
Check: installed package size
Result: NOTE
installed size is 5.4Mb
sub-directories of 1Mb or more:
libs 4.4Mb
Flavors: r-release-macos-arm64, r-release-macos-x86_64, r-oldrel-macos-arm64, r-oldrel-macos-x86_64