Last updated on 2022-04-24 03:52:28 CEST.
Flavor | Version | Tinstall | Tcheck | Ttotal | Status | Flags |
---|---|---|---|---|---|---|
r-devel-linux-x86_64-debian-clang | 1.2.1 | 77.04 | 43.76 | 120.80 | OK | |
r-devel-linux-x86_64-debian-gcc | 1.2.1 | 62.64 | 34.44 | 97.08 | OK | |
r-devel-linux-x86_64-fedora-clang | 1.2.1 | 172.61 | OK | |||
r-devel-linux-x86_64-fedora-gcc | 1.2.1 | 148.62 | OK | |||
r-patched-linux-x86_64 | 1.2.1 | 64.26 | 42.78 | 107.04 | OK | |
r-release-linux-x86_64 | 1.2.1 | 63.96 | 41.33 | 105.29 | OK | |
r-release-macos-arm64 | 1.2.1 | NOTE | ||||
r-release-macos-x86_64 | 1.2.1 | NOTE | ||||
r-release-windows-x86_64 | 1.2.1 | 91.00 | 90.00 | 181.00 | OK | |
r-oldrel-macos-arm64 | 1.2.1 | NOTE | ||||
r-oldrel-macos-x86_64 | 1.2.1 | NOTE | ||||
r-oldrel-windows-ix86+x86_64 | 1.2.1 | 173.00 | 86.00 | 259.00 | OK |
Version: 1.2.1
Check: installed package size
Result: NOTE
installed size is 6.3Mb
sub-directories of 1Mb or more:
doc 1.2Mb
libs 4.9Mb
Flavors: r-release-macos-arm64, r-release-macos-x86_64, r-oldrel-macos-arm64, r-oldrel-macos-x86_64