Last updated on 2022-04-24 03:52:28 CEST.
Flavor | Version | Tinstall | Tcheck | Ttotal | Status | Flags |
---|---|---|---|---|---|---|
r-devel-linux-x86_64-debian-clang | 0.3.3 | 8.69 | 114.12 | 122.81 | NOTE | |
r-devel-linux-x86_64-debian-gcc | 0.3.3 | 6.87 | 83.24 | 90.11 | NOTE | |
r-devel-linux-x86_64-fedora-clang | 0.3.3 | 147.60 | NOTE | |||
r-devel-linux-x86_64-fedora-gcc | 0.3.3 | 132.73 | NOTE | |||
r-patched-linux-x86_64 | 0.3.3 | 7.71 | 105.23 | 112.94 | NOTE | |
r-release-linux-x86_64 | 0.3.3 | 5.74 | 102.42 | 108.16 | NOTE | |
r-release-macos-arm64 | 0.3.3 | NOTE | ||||
r-release-macos-x86_64 | 0.3.3 | NOTE | ||||
r-release-windows-x86_64 | 0.3.3 | 41.00 | 186.00 | 227.00 | NOTE | |
r-oldrel-macos-arm64 | 0.3.3 | NOTE | ||||
r-oldrel-macos-x86_64 | 0.3.3 | NOTE | ||||
r-oldrel-windows-ix86+x86_64 | 0.3.3 | 18.00 | 142.00 | 160.00 | NOTE |
Version: 0.3.3
Check: LazyData
Result: NOTE
'LazyData' is specified without a 'data' directory
Flavors: r-devel-linux-x86_64-debian-clang, r-devel-linux-x86_64-debian-gcc, r-devel-linux-x86_64-fedora-clang, r-devel-linux-x86_64-fedora-gcc, r-patched-linux-x86_64, r-release-linux-x86_64, r-release-macos-arm64, r-release-macos-x86_64, r-release-windows-x86_64, r-oldrel-macos-arm64, r-oldrel-macos-x86_64, r-oldrel-windows-ix86+x86_64