Last updated on 2022-04-24 03:52:28 CEST.
Flavor | Version | Tinstall | Tcheck | Ttotal | Status | Flags |
---|---|---|---|---|---|---|
r-devel-linux-x86_64-debian-clang | 0.1 | 10.75 | 94.13 | 104.88 | OK | |
r-devel-linux-x86_64-debian-gcc | 0.1 | 8.29 | 70.14 | 78.43 | OK | |
r-devel-linux-x86_64-fedora-clang | 0.1 | 127.55 | OK | |||
r-devel-linux-x86_64-fedora-gcc | 0.1 | 114.91 | OK | |||
r-patched-linux-x86_64 | 0.1 | 10.71 | 89.99 | 100.70 | OK | |
r-release-linux-x86_64 | 0.1 | 9.41 | 80.66 | 90.07 | OK | |
r-release-macos-arm64 | 0.1 | NOTE | ||||
r-release-macos-x86_64 | 0.1 | OK | ||||
r-release-windows-x86_64 | 0.1 | 29.00 | 88.00 | 117.00 | OK | |
r-oldrel-macos-arm64 | 0.1 | NOTE | ||||
r-oldrel-macos-x86_64 | 0.1 | OK | ||||
r-oldrel-windows-ix86+x86_64 | 0.1 | 18.00 | 79.00 | 97.00 | OK |
Version: 0.1
Check: package dependencies
Result: NOTE
Package suggested but not available for checking: ‘EBImage’
Flavors: r-release-macos-arm64, r-oldrel-macos-arm64