Last updated on 2022-04-24 03:52:29 CEST.
Flavor | Version | Tinstall | Tcheck | Ttotal | Status | Flags |
---|---|---|---|---|---|---|
r-devel-linux-x86_64-debian-clang | 0.2.2 | 6.84 | 105.02 | 111.86 | NOTE | |
r-devel-linux-x86_64-debian-gcc | 0.2.2 | 4.95 | 78.80 | 83.75 | NOTE | |
r-devel-linux-x86_64-fedora-clang | 0.2.2 | 139.82 | NOTE | |||
r-devel-linux-x86_64-fedora-gcc | 0.2.2 | 129.65 | NOTE | |||
r-patched-linux-x86_64 | 0.2.2 | 6.28 | 102.42 | 108.70 | OK | |
r-release-linux-x86_64 | 0.2.2 | 4.02 | 103.46 | 107.48 | OK | |
r-release-macos-arm64 | 0.2.2 | OK | ||||
r-release-macos-x86_64 | 0.2.2 | OK | ||||
r-release-windows-x86_64 | 0.2.2 | 53.00 | 126.00 | 179.00 | OK | |
r-oldrel-macos-arm64 | 0.2.2 | OK | ||||
r-oldrel-macos-x86_64 | 0.2.2 | OK | ||||
r-oldrel-windows-ix86+x86_64 | 0.2.2 | 11.00 | 140.00 | 151.00 | OK |
Version: 0.2.2
Check: Rd files
Result: NOTE
checkRd: (7) file 'opts.Rd': \item in \describe must have non-empty label
Flavors: r-devel-linux-x86_64-debian-clang, r-devel-linux-x86_64-debian-gcc, r-devel-linux-x86_64-fedora-clang, r-devel-linux-x86_64-fedora-gcc
Version: 0.2.2
Check: Rd cross-references
Result: NOTE
Undeclared package ‘ggplot2’ in Rd xrefs
Flavor: r-devel-linux-x86_64-fedora-clang