Last updated on 2022-04-24 03:52:29 CEST.
| Flavor | Version | Tinstall | Tcheck | Ttotal | Status | Flags | 
|---|---|---|---|---|---|---|
| r-devel-linux-x86_64-debian-clang | 1.3.4 | 6.68 | 99.81 | 106.49 | NOTE | |
| r-devel-linux-x86_64-debian-gcc | 1.3.4 | 6.90 | 76.79 | 83.69 | NOTE | |
| r-devel-linux-x86_64-fedora-clang | 1.3.4 | 140.27 | NOTE | |||
| r-devel-linux-x86_64-fedora-gcc | 1.3.4 | 118.52 | NOTE | |||
| r-patched-linux-x86_64 | 1.3.4 | 10.48 | 96.99 | 107.47 | NOTE | |
| r-release-linux-x86_64 | 1.3.4 | 7.02 | 98.48 | 105.50 | NOTE | |
| r-release-macos-arm64 | 1.3.4 | NOTE | ||||
| r-release-macos-x86_64 | 1.3.4 | WARN | ||||
| r-release-windows-x86_64 | 1.3.4 | 84.00 | 177.00 | 261.00 | NOTE | |
| r-oldrel-macos-arm64 | 1.3.4 | NOTE | ||||
| r-oldrel-macos-x86_64 | 1.3.4 | WARN | ||||
| r-oldrel-windows-ix86+x86_64 | 1.3.4 | 18.00 | 128.00 | 146.00 | NOTE | 
Version: 1.3.4
Check: LazyData
Result: NOTE
      'LazyData' is specified without a 'data' directory
Flavors: r-devel-linux-x86_64-debian-clang, r-devel-linux-x86_64-debian-gcc, r-devel-linux-x86_64-fedora-clang, r-devel-linux-x86_64-fedora-gcc, r-patched-linux-x86_64, r-release-linux-x86_64, r-release-macos-arm64, r-release-macos-x86_64, r-release-windows-x86_64, r-oldrel-macos-arm64, r-oldrel-macos-x86_64, r-oldrel-windows-ix86+x86_64
Version: 1.3.4
Check: re-building of vignette outputs
Result: WARN
    Error(s) in re-building vignettes:
    --- re-building ‘awesome_table_in_html.Rmd’ using rmarkdown
    Warning in engine$weave(file, quiet = quiet, encoding = enc) :
      Pandoc (>= 1.12.3) not available. Falling back to R Markdown v1.
    Quitting from lines 635-638 (awesome_table_in_html.Rmd) 
    Error: processing vignette 'awesome_table_in_html.Rmd' failed with diagnostics:
    invalid 'path' argument
    --- failed re-building ‘awesome_table_in_html.Rmd’
    
    --- re-building ‘awesome_table_in_pdf.Rmd’ using rmarkdown
    Warning in engine$weave(file, quiet = quiet, encoding = enc) :
      Pandoc (>= 1.12.3) not available. Falling back to R Markdown v1.
    --- finished re-building ‘awesome_table_in_pdf.Rmd’
    
    --- re-building ‘best_practice_for_newline_in_latex_table.Rmd’ using rmarkdown
    Warning in engine$weave(file, quiet = quiet, encoding = enc) :
      Pandoc (>= 1.12.3) not available. Falling back to R Markdown v1.
    --- finished re-building ‘best_practice_for_newline_in_latex_table.Rmd’
    
    --- re-building ‘legacy_features.Rmd’ using rmarkdown
    Warning in engine$weave(file, quiet = quiet, encoding = enc) :
      Pandoc (>= 1.12.3) not available. Falling back to R Markdown v1.
    --- finished re-building ‘legacy_features.Rmd’
    
    --- re-building ‘use_kable_in_shiny.Rmd’ using rmarkdown
    Warning in engine$weave(file, quiet = quiet, encoding = enc) :
      Pandoc (>= 1.12.3) not available. Falling back to R Markdown v1.
    --- finished re-building ‘use_kable_in_shiny.Rmd’
    
    SUMMARY: processing the following file failed:
      ‘awesome_table_in_html.Rmd’
    
    Error: Vignette re-building failed.
    Execution halted
Flavors: r-release-macos-x86_64, r-oldrel-macos-x86_64