Last updated on 2022-04-24 03:52:29 CEST.
Flavor | Version | Tinstall | Tcheck | Ttotal | Status | Flags |
---|---|---|---|---|---|---|
r-devel-linux-x86_64-debian-clang | 0.0.8 | 2.53 | 46.80 | 49.33 | NOTE | |
r-devel-linux-x86_64-debian-gcc | 0.0.8 | 1.99 | 35.38 | 37.37 | NOTE | |
r-devel-linux-x86_64-fedora-clang | 0.0.8 | 61.30 | NOTE | |||
r-devel-linux-x86_64-fedora-gcc | 0.0.8 | 48.32 | NOTE | |||
r-patched-linux-x86_64 | 0.0.8 | 2.47 | 44.78 | 47.25 | NOTE | |
r-release-linux-x86_64 | 0.0.8 | 2.45 | 44.68 | 47.13 | NOTE | |
r-release-macos-arm64 | 0.0.8 | NOTE | ||||
r-release-macos-x86_64 | 0.0.8 | NOTE | ||||
r-release-windows-x86_64 | 0.0.8 | 16.00 | 76.00 | 92.00 | NOTE | |
r-oldrel-macos-arm64 | 0.0.8 | NOTE | ||||
r-oldrel-macos-x86_64 | 0.0.8 | NOTE | ||||
r-oldrel-windows-ix86+x86_64 | 0.0.8 | 6.00 | 67.00 | 73.00 | NOTE |
Version: 0.0.8
Check: LazyData
Result: NOTE
'LazyData' is specified without a 'data' directory
Flavors: r-devel-linux-x86_64-debian-clang, r-devel-linux-x86_64-debian-gcc, r-devel-linux-x86_64-fedora-clang, r-devel-linux-x86_64-fedora-gcc, r-patched-linux-x86_64, r-release-linux-x86_64, r-release-macos-arm64, r-release-macos-x86_64, r-release-windows-x86_64, r-oldrel-macos-arm64, r-oldrel-macos-x86_64, r-oldrel-windows-ix86+x86_64