Last updated on 2022-04-24 03:52:29 CEST.
Flavor | Version | Tinstall | Tcheck | Ttotal | Status | Flags |
---|---|---|---|---|---|---|
r-devel-linux-x86_64-debian-clang | 1.0.1 | 12.63 | 143.17 | 155.80 | OK | |
r-devel-linux-x86_64-debian-gcc | 1.0.1 | 8.09 | 101.48 | 109.57 | OK | |
r-devel-linux-x86_64-fedora-clang | 1.0.1 | 176.05 | NOTE | |||
r-devel-linux-x86_64-fedora-gcc | 1.0.1 | 162.61 | NOTE | |||
r-patched-linux-x86_64 | 1.0.1 | 17.22 | 129.37 | 146.59 | OK | |
r-release-linux-x86_64 | 1.0.1 | 6.42 | 121.38 | 127.80 | OK | |
r-release-macos-arm64 | 1.0.1 | NOTE | ||||
r-release-macos-x86_64 | 1.0.1 | NOTE | ||||
r-release-windows-x86_64 | 1.0.1 | 57.00 | 155.00 | 212.00 | OK | |
r-oldrel-macos-arm64 | 1.0.1 | NOTE | ||||
r-oldrel-macos-x86_64 | 1.0.1 | NOTE | ||||
r-oldrel-windows-ix86+x86_64 | 1.0.1 | 24.00 | 144.00 | 168.00 | OK |
Version: 1.0.1
Check: dependencies in R code
Result: NOTE
Namespace in Imports field not imported from: ‘Hmisc’
All declared Imports should be used.
Flavors: r-devel-linux-x86_64-fedora-clang, r-devel-linux-x86_64-fedora-gcc, r-release-macos-arm64, r-release-macos-x86_64, r-oldrel-macos-arm64, r-oldrel-macos-x86_64