Last updated on 2022-04-24 03:52:29 CEST.
Flavor | Version | Tinstall | Tcheck | Ttotal | Status | Flags |
---|---|---|---|---|---|---|
r-devel-linux-x86_64-debian-clang | 0.4-7 | 16.10 | 121.67 | 137.77 | NOTE | |
r-devel-linux-x86_64-debian-gcc | 0.4-7 | 12.23 | 91.15 | 103.38 | NOTE | |
r-devel-linux-x86_64-fedora-clang | 0.4-7 | 165.06 | NOTE | |||
r-devel-linux-x86_64-fedora-gcc | 0.4-7 | 150.00 | NOTE | |||
r-patched-linux-x86_64 | 0.4-7 | 14.53 | 114.85 | 129.38 | NOTE | |
r-release-linux-x86_64 | 0.4-7 | 13.44 | 110.62 | 124.06 | NOTE | |
r-release-macos-arm64 | 0.4-7 | OK | ||||
r-release-macos-x86_64 | 0.4-7 | OK | ||||
r-release-windows-x86_64 | 0.4-7 | 129.00 | 153.00 | 282.00 | OK | |
r-oldrel-macos-arm64 | 0.4-7 | OK | ||||
r-oldrel-macos-x86_64 | 0.4-7 | OK | ||||
r-oldrel-windows-ix86+x86_64 | 0.4-7 | 36.00 | 218.00 | 254.00 | OK |
Version: 0.4-7
Check: for non-standard things in the check directory
Result: NOTE
Found the following files/directories:
'my.Mobius.set.func.csv' 'my.card.set.func.csv' 'my.set.func.csv'
Flavors: r-devel-linux-x86_64-debian-clang, r-devel-linux-x86_64-debian-gcc, r-devel-linux-x86_64-fedora-clang, r-devel-linux-x86_64-fedora-gcc, r-patched-linux-x86_64, r-release-linux-x86_64
Version: 0.4-7
Check: compiled code
Result: NOTE
File ‘kappalab/libs/kappalab.so’:
Found no calls to: ‘R_registerRoutines’, ‘R_useDynamicSymbols’
It is good practice to register native routines and to disable symbol
search.
See ‘Writing portable packages’ in the ‘Writing R Extensions’ manual.
Flavors: r-devel-linux-x86_64-fedora-clang, r-devel-linux-x86_64-fedora-gcc