Last updated on 2022-04-24 03:52:29 CEST.
Flavor | Version | Tinstall | Tcheck | Ttotal | Status | Flags |
---|---|---|---|---|---|---|
r-devel-linux-x86_64-debian-clang | 1.0 | 3.55 | 45.11 | 48.66 | NOTE | |
r-devel-linux-x86_64-debian-gcc | 1.0 | 2.92 | 33.99 | 36.91 | NOTE | |
r-devel-linux-x86_64-fedora-clang | 1.0 | 57.39 | NOTE | |||
r-devel-linux-x86_64-fedora-gcc | 1.0 | 46.90 | NOTE | |||
r-patched-linux-x86_64 | 1.0 | 3.78 | 43.24 | 47.02 | NOTE | |
r-release-linux-x86_64 | 1.0 | 3.17 | 40.44 | 43.61 | NOTE | |
r-release-macos-arm64 | 1.0 | OK | ||||
r-release-macos-x86_64 | 1.0 | OK | ||||
r-release-windows-x86_64 | 1.0 | 9.00 | 59.00 | 68.00 | OK | |
r-oldrel-macos-arm64 | 1.0 | OK | ||||
r-oldrel-macos-x86_64 | 1.0 | OK | ||||
r-oldrel-windows-ix86+x86_64 | 1.0 | 7.00 | 50.00 | 57.00 | OK |
Version: 1.0
Check: for non-standard things in the check directory
Result: NOTE
Found the following files/directories:
'song.wav' 'song4karaoke.wav'
Flavors: r-devel-linux-x86_64-debian-clang, r-devel-linux-x86_64-debian-gcc, r-devel-linux-x86_64-fedora-clang, r-devel-linux-x86_64-fedora-gcc, r-patched-linux-x86_64, r-release-linux-x86_64