Last updated on 2022-04-24 03:52:29 CEST.
Flavor | Version | Tinstall | Tcheck | Ttotal | Status | Flags |
---|---|---|---|---|---|---|
r-devel-linux-x86_64-debian-clang | 0.1.1 | 7.01 | 108.72 | 115.73 | OK | |
r-devel-linux-x86_64-debian-gcc | 0.1.1 | 5.09 | 78.81 | 83.90 | OK | |
r-devel-linux-x86_64-fedora-clang | 0.1.1 | 133.98 | NOTE | |||
r-devel-linux-x86_64-fedora-gcc | 0.1.1 | 120.58 | NOTE | |||
r-patched-linux-x86_64 | 0.1.1 | 8.16 | 99.91 | 108.07 | OK | |
r-release-linux-x86_64 | 0.1.1 | 4.93 | 100.53 | 105.46 | OK | |
r-release-macos-arm64 | 0.1.1 | NOTE | ||||
r-release-macos-x86_64 | 0.1.1 | NOTE | ||||
r-release-windows-x86_64 | 0.1.1 | 34.00 | 129.00 | 163.00 | OK | |
r-oldrel-macos-arm64 | 0.1.1 | NOTE | ||||
r-oldrel-macos-x86_64 | 0.1.1 | NOTE | ||||
r-oldrel-windows-ix86+x86_64 | 0.1.1 | 16.00 | 119.00 | 135.00 | OK |
Version: 0.1.1
Check: dependencies in R code
Result: NOTE
Namespace in Imports field not imported from: ‘gifski’
All declared Imports should be used.
Flavors: r-devel-linux-x86_64-fedora-clang, r-devel-linux-x86_64-fedora-gcc, r-release-macos-arm64, r-release-macos-x86_64, r-oldrel-macos-arm64, r-oldrel-macos-x86_64