Last updated on 2022-04-24 03:52:29 CEST.
Flavor | Version | Tinstall | Tcheck | Ttotal | Status | Flags |
---|---|---|---|---|---|---|
r-devel-linux-x86_64-debian-clang | 0.1-0 | 9.45 | 68.40 | 77.85 | OK | |
r-devel-linux-x86_64-debian-gcc | 0.1-0 | 6.80 | 53.40 | 60.20 | OK | |
r-devel-linux-x86_64-fedora-clang | 0.1-0 | 96.99 | OK | |||
r-devel-linux-x86_64-fedora-gcc | 0.1-0 | 84.66 | OK | |||
r-patched-linux-x86_64 | 0.1-0 | 9.06 | 65.47 | 74.53 | OK | |
r-release-linux-x86_64 | 0.1-0 | 8.16 | 63.67 | 71.83 | OK | |
r-release-macos-arm64 | 0.1-0 | ERROR | ||||
r-release-macos-x86_64 | 0.1-0 | ERROR | ||||
r-release-windows-x86_64 | 0.1-0 | 47.00 | 109.00 | 156.00 | OK | |
r-oldrel-macos-arm64 | 0.1-0 | ERROR | ||||
r-oldrel-macos-x86_64 | 0.1-0 | ERROR | ||||
r-oldrel-windows-ix86+x86_64 | 0.1-0 | 20.00 | 97.00 | 117.00 | OK |
Version: 0.1-0
Check: package dependencies
Result: ERROR
Package required but not available: ‘pbdMPI’
See section ‘The DESCRIPTION file’ in the ‘Writing R Extensions’
manual.
Flavors: r-release-macos-arm64, r-release-macos-x86_64, r-oldrel-macos-arm64, r-oldrel-macos-x86_64